 89 - 19. Calculate the remainder when x is divided by 9.
0
Let n = 804 + -715. What is the remainder when 259 is divided by n?
81
Calculate the remainder when ((48/(-10))/4)/((-1)/150) is divided by 42.
12
Suppose -2 = 4*m - 10. Suppose -3*o + 0*o + m*l + 4 = 0, -2*l = 2*o - 16. Let h = -10 - -17. What is the remainder when h is divided by o?
3
Let z be (0 - -1)/(3/6). Suppose 9 + 19 = z*g. Calculate the remainder when 40 is divided by g.
12
Let n be 15 + 2 + 0 - -1. Suppose y = -5*x + 5 - n, 3*y = -5*x - 19. What is the remainder when 47 is divided by (6 - x)/(10/15)?
11
Let v(h) = 8*h**3 + 2*h**2 + h - 2. Suppose 4*z = -2*b - 10, 6*b = 3*b + 3*z + 12. Calculate the remainder when 3 + -2 + -1 + 25 is divided by v(b).
7
Let w = 216 - 129. Let y = w + -72. What is the remainder when 27 is divided by y?
12
Suppose 0 = -3*x + x + 6. Suppose -3*p = z - 127, -3*p - x*z = z - 139. Let f = -18 + 29. Calculate the remainder when p is divided by f.
8
Let g = 0 - 3. What is the remainder when (18/(-5))/(g/40) is divided by 10?
8
Let s(h) = -h - 21. Let y be s(-7). Let u(a) = a**2 + 9*a + 18. What is the remainder when u(y) is divided by 19?
12
Let t = 2439 + -2417. What is the remainder when 57 is divided by t?
13
Calculate the remainder when 68 is divided by (3 - (-14 + 2)) + (-5)/1.
8
Let l = 2 - -1. Suppose -z = 4*k + 1 - 0, -4*k + 5 = l*z. Let m = -1038 + 1049. What is the remainder when m is divided by z?
2
Let z be 1/(2/(-3) + 1). Suppose 2*g + 2*u = 232, 0 = z*g - 0*u - u - 332. Suppose -g = -5*m + 173. What is the remainder when m is divided by 15?
12
Let p = -680 - -779. Calculate the remainder when p is divided by 26.
21
Suppose -x = -g - 5, -g = 4*x + 3*g + 12. Let c = 29 - x. Suppose -2*o + 5*o - 3*i - 243 = 0, 6 = 3*i. What is the remainder when o is divided by c?
27
Suppose z + 2*z = 6. What is the remainder when ((-92)/(-8))/(z/20) is divided by 39?
37
Let x = 1 - -3. Let b be -2*8/(-4) - 2. Suppose b*g - 5*k - 113 = 0, 63 - 11 = g - x*k. What is the remainder when g is divided by 22?
20
Let q = -1610 + 1841. Calculate the remainder when q is divided by 69.
24
Suppose 0 = -w + 4 - 1. Let n(i) = 2*i**2 + 97*i + 55. Calculate the remainder when n(-48) is divided by w.
1
Let u be (-3)/2 + 15/6. Suppose 3*b = n - 12 - 7, 0 = b + u. Suppose 18 - n = 2*p. Calculate the remainder when p is divided by 1.
0
Let k(g) = 14*g - 89. What is the remainder when k(10) is divided by 20?
11
Let v = 35 - -45. Let y = v + -55. What is the remainder when y is divided by 14?
11
Let i(c) be the second derivative of -c**5/4 + c**3/3 + 3*c**2/2 - 2*c. What is the remainder when i(-2) is divided by ((-3 - 3) + 27)*((-15)/(-9) - 1)?
11
Suppose 2446*l - 2433*l = 26. What is the remainder when ((-38)/4)/(2/(-4)) is divided by l?
1
Let x(b) = 6*b + 14. Let z be x(-5). Let g = z + 36. What is the remainder when 37 is divided by g?
17
Let h = -200 + 205. Calculate the remainder when 22 is divided by h.
2
Suppose 2*b - 5*v - 44 = 0, 24 = 2*b + v + 4*v. Let w = -13 + b. Suppose -4*x = -4 - w. What is the remainder when 5 is divided by x?
1
Let g(m) = 3*m. Let a be g(1). Suppose -a*z + 6*z - 6 = 0. Calculate the remainder when 7 is divided by z.
1
Suppose 9*m - 5*m - 28 = 0. Let v = 15 - -3. Let q = v - 8. Calculate the remainder when q is divided by m.
3
Let a = -366 + 413. What is the remainder when a is divided by 11?
3
Let x = -36 + 36. Suppose -2 = -3*c + 4. Suppose 5*r - c*h - 49 = h, x = -2*h - 6. Calculate the remainder when 14 is divided by r.
6
Suppose -270*s = -260*s - 200. Calculate the remainder when 1738 is divided by s.
18
Let f = 237 + -186. Calculate the remainder when 96 is divided by f.
45
Suppose -2*h + 208 = 134. Calculate the remainder when 43 is divided by h.
6
Suppose -2*a = -3*z + 34, 4*a + 8 = -2*z + 3*z. Calculate the remainder when z is divided by 6.
0
Let d = 16 - 9. Suppose 5*k - 10*k = 0. Suppose g - 11 - d = k. What is the remainder when 70 is divided by g?
16
Let r = -31 - -7. Let k = 24 + r. Calculate the remainder when (k - -2)/4*42 is divided by 12.
9
Let y(l) = -l**3 + 18*l**2 + 24*l + 4. Let j be 1/(-4) + 91/28. What is the remainder when y(19) is divided by (-25)/(-1 + (3 - j))?
24
Let i(t) be the third derivative of t**5/30 + t**4/3 + t**3/2 - 18*t**2. Calculate the remainder when 27 is divided by i(-4).
0
Let h = -491 + 49. Calculate the remainder when h/(-6) + ((-16)/6 - -2) is divided by 25.
23
Let s(w) = 2*w**3 - 3*w**2 - 13*w - 18. What is the remainder when s(7) is divided by 87?
82
Suppose -q = -1 - 1. Suppose 15 - 57 = -q*y. Let v(t) = -10*t + 1. What is the remainder when y is divided by v(-1)?
10
Let w = 1872 + -1331. Calculate the remainder when w is divided by 17.
14
Let t(n) = -3*n + 0*n**3 + 5*n - 3*n**2 - 5 - n**3. Let x be t(-4). What is the remainder when 33 is divided by 4*x + 3/(-1)?
6
Let t = 28 + -13. What is the remainder when (-86)/(-1) - -1*2 is divided by t?
13
Suppose 2*m - 4*m = -32. Suppose -3*u = 12, 3*o - 6*u = -u + 92. Suppose o = w - 34. What is the remainder when w is divided by m?
10
Calculate the remainder when ((-46)/8)/((-143)/(-48) - 3) is divided by 93.
90
Let j = 3384 + -3358. Calculate the remainder when ((-4)/2 + 3)*67 is divided by j.
15
What is the remainder when ((-109)/8)/((55/40)/(-11)) is divided by 8?
5
Let n(h) = 3*h**3 - 5*h**2 + 8. Let z be n(-6). Let i = -646 + 616. Calculate the remainder when (3 + 0)*z/i is divided by 28.
26
Let d(v) = 4*v + 4. Let j be d(0). Suppose j*b - 321 = -0*h + 5*h, -168 = -2*b + 4*h. Calculate the remainder when b is divided by 39.
35
Let i(s) = -s - 4. Let t be i(-5). Let g be 0 + 1*(-2 - 0). What is the remainder when 41 is divided by 21 - (g + (2 - t))?
19
Suppose 0*j - 4*j + 632 = 0. What is the remainder when j is divided by ((-1)/(-3))/(110/66) - (-198)/10?
18
Let h = -161 - -162. Suppose 5*l + 1 = 6. Calculate the remainder when l is divided by h.
0
Calculate the remainder when 142 is divided by (-4 - -6) + (69 - -3).
68
Let f = -5 - 6. Let w(s) = 3*s + 11. Let o(p) = 8*p + 32. Let q(g) = f*w(g) + 4*o(g). Calculate the remainder when q(5) is divided by 2.
0
Suppose -4*g = 5*h - 0*g - 138, -4*g = -8. What is the remainder when h is divided by 6?
2
Let v(b) = b**2 - 30*b + 33. What is the remainder when v(32) is divided by 53?
44
Let j = 0 - -5. Let s(n) = -2*n**2 + 13*n - 4. What is the remainder when 19 is divided by s(j)?
8
Suppose 81*y - 91 = 68*y. What is the remainder when 8 is divided by y?
1
Let j = -2525 - -2535. Calculate the remainder when 1747 is divided by j.
7
Let a(f) = f**2 + 5*f - 3. What is the remainder when 90 is divided by a(-9)?
24
Let u(z) = -z + 3. Let x be u(2). Let a(o) = -4*o**2 + 72*o + 86. Calculate the remainder when a(19) is divided by 3/x*(-12)/(-9).
2
Let a = -8 - -53. Suppose -3*r = 4*m + a, 2*m + 10 - 4 = 0. Let n(y) = -y**2 - 14*y - 25. What is the remainder when 38 is divided by n(r)?
6
Suppose 3*p - 15 = 11*z - 12*z, -3*p + 27 = 3*z. Calculate the remainder when z is divided by 6.
0
Suppose o + 0*q - 4*q + 56 = 0, -4*q = -20. Calculate the remainder when 14 is divided by ((-2)/(-3))/((-3)/o).
6
Let i(q) = 16*q**3 + 2*q**2 - 3*q + 1. Let d = -12 - -16. What is the remainder when i(1) is divided by d?
0
Suppose 0 = -6*l + 172 + 86. What is the remainder when 79 is divided by l?
36
Let f(n) = n**3 - 12*n**2 + 11. Suppose -4*i - 7 = 9, -104 = -3*v - 4*i. Suppose -3*j = -j - v. Calculate the remainder when j is divided by f(12).
9
Suppose 3*p + 12 = -n, 2*p = 2*n + p - 4. Suppose n = 3*s + 12 - 66. Let o(a) = 8*a**3 - 1. Calculate the remainder when s is divided by o(1).
4
Suppose -2*j + 25 + 87 = 0. Calculate the remainder when j is divided by 30/(-4)*(2/10*25 + -9).
26
Let q be 4 + (-3 - 61) + -4. Let w = -19 - q. Calculate the remainder when 178 is divided by w.
43
Let y(f) = -f**2 + 23*f + 48. Let r be y(25). Calculate the remainder when 14 is divided by ((r - 0)/(-2))/((-4)/(-8)).
0
Suppose 3*x = x + 18. Suppose -5*r + 93 = -27. What is the remainder when 6 is divided by 3/2*r/x?
2
Let x(v) = -v**3 + 27*v**2 - 60*v + 36. What is the remainder when x(24) is divided by 55?
49
Suppose 0*o - 10 = -5*o. Suppose -s + o*u - 3 = -23, 0 = 3*s + 3*u - 105. Let z(h) = 10*h**2 - 3*h + 6. Calculate the remainder when z